nits digit of 1655?
5
What is the units digit of 13517?
7
What is the thousands digit of 28606?
8
What is the tens digit of 1354?
5
What is the units digit of 17770?
0
What is the tens digit of 92198?
9
What is the units digit of 830?
0
What is the thousands digit of 15330?
5
What is the hundreds digit of 5883?
8
What is the tens digit of 4396?
9
What is the tens digit of 143?
4
What is the thousands digit of 2707?
2
What is the ten thousands digit of 34571?
3
What is the tens digit of 6789?
8
What is the units digit of 17004?
4
What is the units digit of 5003?
3
What is the tens digit of 78?
7
What is the units digit of 206?
6
What is the thousands digit of 8012?
8
What is the tens digit of 148792?
9
What is the hundreds digit of 5716?
7
What is the units digit of 571?
1
What is the hundreds digit of 351?
3
What is the units digit of 6669?
9
What is the hundreds digit of 6881?
8
What is the tens digit of 1073?
7
What is the tens digit of 256?
5
What is the thousands digit of 6354?
6
What is the hundreds digit of 2631?
6
What is the tens digit of 2564?
6
What is the units digit of 3170?
0
What is the thousands digit of 58207?
8
What is the thousands digit of 2394?
2
What is the units digit of 2156?
6
What is the hundreds digit of 242?
2
What is the thousands digit of 70370?
0
What is the hundreds digit of 65840?
8
What is the thousands digit of 38884?
8
What is the tens digit of 4185?
8
What is the thousands digit of 49356?
9
What is the thousands digit of 3573?
3
What is the ten thousands digit of 11133?
1
What is the tens digit of 825?
2
What is the hundreds digit of 412?
4
What is the thousands digit of 83885?
3
What is the ten thousands digit of 37000?
3
What is the ten thousands digit of 42782?
4
What is the tens digit of 1941?
4
What is the units digit of 2591?
1
What is the tens digit of 932?
3
What is the thousands digit of 3879?
3
What is the units digit of 303?
3
What is the hundreds digit of 27196?
1
What is the thousands digit of 3521?
3
What is the hundreds digit of 505?
5
What is the thousands digit of 3009?
3
What is the hundreds digit of 1342?
3
What is the units digit of 2426?
6
What is the hundreds digit of 545?
5
What is the thousands digit of 77313?
7
What is the ten thousands digit of 72462?
7
What is the units digit of 31125?
5
What is the tens digit of 86263?
6
What is the tens digit of 32361?
6
What is the hundreds digit of 1058?
0
What is the thousands digit of 2129?
2
What is the tens digit of 1293?
9
What is the thousands digit of 1917?
1
What is the thousands digit of 2154?
2
What is the thousands digit of 1892?
1
What is the tens digit of 29421?
2
What is the hundreds digit of 391?
3
What is the tens digit of 687?
8
What is the thousands digit of 1605?
1
What is the units digit of 3835?
5
What is the ten thousands digit of 31788?
3
What is the thousands digit of 8187?
8
What is the hundreds digit of 20459?
4
What is the thousands digit of 9874?
9
What is the hundreds digit of 2318?
3
What is the units digit of 8162?
2
What is the ten thousands digit of 50839?
5
What is the hundreds digit of 16442?
4
What is the ten thousands digit of 15295?
1
What is the tens digit of 1447?
4
What is the tens digit of 5798?
9
What is the tens digit of 726?
2
What is the tens digit of 991?
9
What is the tens digit of 5143?
4
What is the units digit of 52444?
4
What is the hundreds digit of 21525?
5
What is the thousands digit of 1044?
1
What is the tens digit of 5695?
9
What is the thousands digit of 15770?
5
What is the units digit of 4912?
2
What is the thousands digit of 8295?
8
What is the thousands digit of 10290?
0
What is the units digit of 1014?
4
What is the tens digit of 941?
4
What is the thousands digit of 49207?
9
What is the tens digit of 1791?
9
What is the thousands digit of 6019?
6
What is the ten thousands digit of 66388?
6
What is the thousands digit of 5270?
5
What is the ten thousands digit of 42861?
4
What is the tens digit of 12656?
5
What is the tens digit of 2819?
1
What is the hundreds digit of 513?
5
What is the thousands digit of 28659?
8
What is the hundreds digit of 5255?
2
What is the hundreds digit of 315?
3
What is the tens digit of 5139?
3
What is the thousands digit of 5118?
5
What is the hundreds digit of 554?
5
What is the thousands digit of 19973?
9
What is the tens digit of 992?
9
What is the hundreds digit of 13053?
0
What is the units digit of 26862?
2
What is the hundreds digit of 7138?
1
What is the tens digit of 12522?
2
What is the tens digit of 26055?
5
What is the tens digit of 37276?
7
What is the ten thousands digit of 52124?
5
What is the thousands digit of 29846?
9
What is the hundreds digit of 118032?
0
What is the hundreds digit of 2057?
0
What is the tens digit of 8634?
3
What is the hundreds digit of 2471?
4
What is the hundreds digit of 1924?
9
What is the hundreds digit of 2832?
8
What is the units digit of 82951?
1
What is the thousands digit of 2406?
2
What is the ten thousands digit of 94072?
9
What is the units digit of 139499?
9
What is the ten thousands digit of 16547?
1
What is the units digit of 808?
8
What is the units digit of 172911?
1
What is the tens digit of 7643?
4
What is the hundreds digit of 4364?
3
What is the units digit of 11395?
5
What is the hundreds digit of 5300?
3
What is the tens digit of 49216?
1
What is the hundreds digit of 20393?
3
What is the units digit of 116926?
6
What is the thousands digit of 1015?
1
What is the hundreds digit of 548?
5
What is the thousands digit of 121611?
1
What is the ten thousands digit of 11139?
1
What is the thousands digit of 42745?
2
What is the ten thousands digit of 13459?
1
What is the tens digit of 87802?
0
What is the hundreds digit of 3671?
6
What is the tens digit of 27393?
9
What is the hundreds digit of 398?
3
What is the hundreds digit of 133297?
2
What is the hundreds digit of 1685?
6
What is the units digit of 1161?
1
What is the units digit of 5407?
7
What is the hundreds digit of 865?
8
What is the units digit of 41893?
3
What is the thousands digit of 15432?
5
What is the tens digit of 24923?
2
What is the units digit of 555?
5
What is the tens digit of 11811?
1
What is the units digit of 127520?
0
What is the tens digit of 530?
3
What is the units digit of 1704?
4
What is the thousands digit of 4667?
4
What is the tens digit of 207?
0
What is the tens digit of 68833?
3
What is the units digit of 3115?
5
What is the thousands digit of 4045?
4
What is the units digit of 170198?
8
What is the units digit of 162?
2
What is the thousands digit of 7240?
7
What is the units digit of 8853?
3
What is the hundreds digit of 5971?
9
What is the units digit of 45505?
5
What is the thousands digit of 1705?
1
What is the thousands digit of 150829?
0
What is the units digit of 39957?
7
What is the ten thousands digit of 11185?
1
What is the units digit of 139?
9
What is the units digit of 2601?
1
What is the units digit of 1319?
9
What is the units digit of 102342?
2
What is the tens digit of 7772?
7
What is the tens digit of 94760?
6
What is the hundreds digit of 894?
8
What is the tens digit of 99873?
7
What is the tens digit of 15422?
2
What is the tens digit of 433?
3
What is the hundreds digit of 1272?
2
What is the units digit of 44975?
5
What is the tens digit of 3362?
6
What is the units digit of 868?
8
What is the ten thousands digit of 25545?
2
What is the units digit of 992?
2
What is the hundreds digit of 307?
3
What is the tens digit of 18182?
8
What is the hundreds digit of 25324?
3
What is the tens digit of 1266?
6
What is the tens digit of 55681?
8
What is the thousands digit of 77369?
7
What is the tens digit of 1534?
3
What is the thousands digit of 6222?
6
What is the hundreds digit of 7169?
1
What is the thousands digit of 5839?
5
What is the units digit of 917?
7
What is the tens digit of 2157?
5
What is the hundreds digit of 541?
5
What is the units digit of 40119?
9
What is the thousands digit of 1760?
1
What is the tens digit of 788?
8
What is the ten thousands digit of 84315?
8
What is the tens digit of 21253?
5
What is the tens digit of 10848?
4
What is the tens digit of 5189?
8
What is the thousands digit of 21395?
1
What is the hundreds digit of 6243?
2
What is the hundreds digit of